et w(f) = 3*f + 48. Let n be w(-16). Suppose -r*v - 3*j + 63 = n, v + v + 4*j - 64 = 0. What is the tens digit of v?
3
Let z = -6 + 6. Suppose 3*u - 2 - 4 = z. What is the units digit of ((-10)/u)/(8/(-16))?
0
Suppose 0 = u + r - 1230, -6*u + 9*u + 4*r = 3687. What is the units digit of u?
3
Let t(a) = -a - 3. Let v be t(-9). Let i = v - -31. What is the units digit of i?
7
Let f = -2454 - -4926. What is the hundreds digit of f?
4
Let s(c) = -c**3 - 10*c**2 + 11*c. Let d be s(-11). Suppose -181 = -2*p + y, -p + 5*y = -d*p - 95. What is the units digit of p?
0
Let o = -95 - -200. Let k = o - 54. What is the units digit of k?
1
Let z(q) = q - 1. Let d(x) = -x**2 + 2*x - 91. Let s(t) = -d(t) + 2*z(t). What is the tens digit of s(0)?
8
Let a(t) = t**3 + 3*t**2 - 5. Let f be a(-5). Let g = 72 - f. What is the hundreds digit of g?
1
Suppose -8854 = -10*s + 4466. What is the units digit of s?
2
Suppose 7*s = 4*s + 9. Suppose k - 360 = -s*k. What is the units digit of k?
0
Let z(r) be the second derivative of r**5/10 - r**4/4 + r**3/3 + r**2 - r. Let y = -74 + 76. What is the tens digit of z(y)?
1
Suppose -j = 2*j - 2*x + 183, -3*x = 3*j + 168. Let o = j + 194. What is the units digit of o?
5
Let p(x) = 293*x**3 - 2*x**2 - 5*x + 2. What is the units digit of p(2)?
8
Let a(h) = 3*h**2. Let b be a(1). Let n(t) = -7*t - 4. Let j be n(b). Let o = j + 67. What is the units digit of o?
2
Let x be (-11)/(-2)*(-102)/(-9)*3. Suppose 122 + x = 3*k. What is the tens digit of k?
0
Suppose -2203 = -4*a + 219*h - 214*h, -2*a + 5*h = -1099. What is the units digit of a?
2
Suppose 8*s - 32128 = -56*s. What is the units digit of s?
2
Let p(t) = 2 - 2 + 10 + t**2 + 5*t + 5. Suppose -66 = 5*b - 4*g, -g - 12 = -4*g. What is the units digit of p(b)?
5
Let j(r) = 2*r + 39. Let n(s) = s + 19. Let o(y) = 3*j(y) - 5*n(y). Let m be o(-18). Suppose m*p = -3*c - c + 16, 0 = 4*c + 12. What is the units digit of p?
7
Let y(g) = -4*g**3 - g**2 - 2*g**3 - 1 + 9*g**3 + 2*g. Suppose 4*f - 3*a + 2*a - 3 = 0, a - 9 = -2*f. What is the units digit of y(f)?
3
Suppose -5*p + 118 + 27 = 0. Let q = p + -9. What is the tens digit of (-122)/(-10) - 4/q?
1
Suppose 14 = -5*z - 131. Let m = 81 - z. What is the units digit of m?
0
Suppose 3*a - f = f + 6, -2 = -a + 3*f. Let j = 7 - 3. Suppose -2*m = -4*h - 16, -a*h + j = -4*m - 6*h. What is the units digit of m?
2
Let h = -6 - -7. Let z = h + 1. What is the units digit of (z/3)/((-1)/(-24))?
6
Let q be 1 + 3 + -79 + 11. Let z = q + 29. Let s = z + 101. What is the units digit of s?
6
Let i = 1 + 6. Suppose i = y + 4. Suppose -y*n - 5*c + 85 = 0, 2 = 2*c - 2. What is the tens digit of n?
2
Let u(c) = -c**3 + 47*c**2 + 10*c - 57. What is the tens digit of u(46)?
1
Let t = 823 + -541. What is the tens digit of t?
8
Let g(o) = 5 + 0*o + 0*o + 6 - 4*o. What is the units digit of g(-13)?
3
Let f(w) = 2*w + 4 + 2 - 3*w**3 - 2. What is the tens digit of f(-2)?
2
Let c = -1052 + 1213. What is the tens digit of c?
6
Suppose -22*o + 72998 = 12*o. What is the units digit of o?
7
Suppose -28 - 22 = -y. Suppose -4*a - 3*x + 53 + y = 0, 4*x = 20. What is the tens digit of a?
2
Let u be -4 - -7 - (-159)/(-6)*-4. Suppose -2*x = -491 + u. What is the tens digit of x?
9
Let u be 1 - -8 - (-8)/(-2). Let i(j) = j**2 + 7*j - 5. What is the tens digit of i(u)?
5
Suppose -126 = 3*f + 4*f. Let w be -3*(-2)/f*21. Let k(s) = -s**3 - 6*s**2 + 4*s. What is the units digit of k(w)?
1
Suppose -23 = -4*g + 5. Suppose 0 = 11*t - g*t - 180. What is the tens digit of t?
4
Let c(l) = 3*l**2 - 1. Let j(i) = i**2 - 4*i - 3. Let s be j(4). What is the tens digit of c(s)?
2
Suppose -41*v = -39*v - 1930. What is the tens digit of v?
6
Let b(y) = 11*y**3 - 19*y**2 + 17*y + 25. Let t(z) = 5*z**3 - 10*z**2 + 8*z + 12. Let c(k) = -4*b(k) + 9*t(k). What is the tens digit of c(14)?
6
Suppose 3*r = 157 + 443. What is the units digit of r?
0
Let r(b) = -2*b - 1. Let w be r(-3). What is the tens digit of 396/w - (-9)/(-45)?
7
Let v(c) = c**3 - 6*c**2 - 3*c - 12. Let j be v(8). Let z = 197 - j. What is the units digit of z?
5
Suppose -l = 212 - 911. What is the tens digit of l?
9
Suppose -v - v + 70 = 0. Suppose v + 30 = -5*k. Let b(m) = -m**2 - 13*m + 5. What is the units digit of b(k)?
5
Let w(o) = o**3 - 14*o**2 - 8*o - 6. Let r(u) = u**3 - 14*u**2 - 9*u - 7. Let f(i) = 5*r(i) - 6*w(i). What is the units digit of f(14)?
3
Let a(m) be the first derivative of m**4/4 + m**3 - m**2 - 2*m + 1. Let c(w) = -w**3 - 8*w**2 - 10*w + 9. Let k be c(-6). What is the units digit of a(k)?
4
Suppose -i + 5*f + 811 = 0, -4*i + i = 3*f - 2523. Suppose -i = -5*h + 3*v, -2*v = -4*h - v + 673. What is the units digit of h?
9
Let v = -9 + 8. Let d(g) = 40*g**2 - g - 1. Let j be d(v). Suppose 0*c + 4*c = j. What is the units digit of c?
0
Let f = -37 + 39. What is the tens digit of (-61 + -4)*(-3 + f)?
6
Let b be 1 + ((-4)/2)/2. What is the units digit of (-24)/8*(-3 - b)?
9
Suppose -18*m = 24*m - 57918. What is the units digit of m?
9
Let a(l) = 7*l - 6. Let u = 23 - 19. What is the tens digit of a(u)?
2
Let r = 75 - -81. What is the tens digit of r?
5
Suppose 0 = d - 5*d + 8. Suppose a - 21 = -d. What is the tens digit of a?
1
Let d(t) = t + 1. Let y(w) = -7*w - 5. Suppose f + 13 = 2*f - 4*n, 0 = f - 5*n - 16. Let m(q) = f*y(q) + 4*d(q). What is the units digit of m(-4)?
1
Suppose 26 = -3*q - 10. Let r be (-54)/q*(-2 + -2). Let g = 30 + r. What is the tens digit of g?
1
Let r = -4 + 10. Let c be (4/r)/((-2)/(-27)). Let q = c + 14. What is the tens digit of q?
2
Let c(i) = -i + 17. Let m be c(6). Suppose -339 = -4*l - m. What is the units digit of l?
2
Suppose 13 = 3*r + 4. Suppose -s + 5*b + 33 = 0, r*s = -0*s + 3*b + 147. What is the tens digit of s?
5
Let h(l) = -l + 9. Let o be h(5). Suppose 4*v + 5*k = 115, -2*v + 65 = -0*v - 5*k. Suppose o*u - 2*i + i = 114, -i - v = -u. What is the tens digit of u?
2
Let b(f) = -518*f**2. Let d be b(1). Let c = d - -732. What is the tens digit of c?
1
Let s(m) = 182*m**3 + 2*m**2 - 3*m + 9. What is the hundreds digit of s(2)?
4
Let w = 176 - 261. Let q = w + 121. What is the tens digit of q?
3
Let t(a) be the first derivative of -3*a**2 - 2*a - 12. What is the units digit of t(-9)?
2
Suppose 6*l = 688 + 6368. What is the hundreds digit of l?
1
Let u = -363 + 1032. What is the tens digit of u?
6
Let h = 4361 - 2104. What is the thousands digit of h?
2
Let b be -33 + ((-2)/5 - 7/(-5)). Let a = 94 - b. What is the hundreds digit of a?
1
Suppose m - 2 = 1, 3 = 2*b + m. Suppose -r - 6 + 2 = b. What is the units digit of (r - -3 - -40) + 3?
2
Let z = 116 + 417. What is the hundreds digit of z?
5
Suppose -2*j = -5*j. Suppose j = 5*o + u - 727, 4*o - u = 6*o - 289. What is the hundreds digit of o?
1
Let l = -92 + 202. What is the hundreds digit of l?
1
Suppose -4*f + 586 = 78. What is the tens digit of f?
2
Suppose 4 = -j - 18. Let u = j + 23. Let o(k) = 11*k + 1. What is the units digit of o(u)?
2
Suppose -2*u - 2*g - 9 = -547, 4 = -2*g. Suppose 3*o - t + 318 = 106, -t - u = 4*o. Let l = o - -107. What is the units digit of l?
8
Let t(h) = 694*h**2 + 47*h + 48. What is the units digit of t(-1)?
5
Suppose 4*c + 55 = 83. What is the units digit of c?
7
Let x(c) = c + 8. Let f be x(-6). Suppose -2*o - 2*v = -o + f, -5*v - 8 = 4*o. What is the tens digit of (3 + 69/(-6))*o?
1
Let m(b) = 57*b**2 - 4*b + 3. Let h(n) = -n + 4. Let g be h(3). What is the tens digit of m(g)?
5
Let r = -5 + 61. Let p = r + -49. What is the units digit of p?
7
Let y = 382 + 421. What is the hundreds digit of y?
8
Suppose -52*w + 224 = -44*w. Suppose -w = -6*a + 380. What is the units digit of a?
8
Let z = 43 + -3. What is the tens digit of z?
4
Let l(y) = -y**2 + 25*y - 20. Let q be l(16). Suppose -88 = -3*i + 2*z, -i = -5*i + 4*z + q. What is the tens digit of (39/(-26))/((-1)/i)?
3
Let d = 5 - -7. Suppose 6*o - 2*o = d. Suppose 5*x - o*x - 56 = -2*n, 4*x - 106 = -2*n. What is the units digit of x?
5
What is the hundreds digit of (1294/(-4))/((-1)/2)?
6
What is the tens digit of -2 - (-4)/1 - (-50 - 1077)?
2
Let m(o) = o + 9. Let j be m(7). Suppose 8*x = 40 - j. Suppose -x*i + 60 = -2*i. What is the units digit of i?
0
Let r(v) = 3 - 9 - 3*v - 3 - 2*v. Let l be r(-6). Suppose 0 = s - 7*j + 3*j - l, 3*s +